e of 25?
True
Suppose -106 = -y - 0*y. Suppose -3*k = 2*g + k + y, 4*k + 259 = -5*g. Is 8 a factor of (4/4)/((-3)/g)?
False
Suppose 12*x - 9*x + 5*p - 121 = 0, 0 = x + 5*p - 37. Does 14 divide x?
True
Let y(u) = -2*u**3 + 2*u**2 + 1. Suppose -2*a - 3*v = 4, -2*a - 2 - 2 = -5*v. Is y(a) a multiple of 25?
True
Suppose -4*m - 2587 = -4*p - 14783, -3*m = 4*p - 9161. Suppose m = -41*q + 50*q. Is q a multiple of 38?
False
Let k be 2 + -2 - 1 - -2 - -138. Let y = -58 + k. Is 27 a factor of y?
True
Let x = -3 - 1. Let a be (x - -6) + (0 - 2). Does 11 divide (8 - -1)*(a - -4)?
False
Let c be 8 + -1 - (-6)/(-2). Suppose c*j = 7*j - 204. Is 17 a factor of j?
True
Let k(u) = -u**3 + 9*u**2 + 10*u + 8. Let y be k(10). Suppose -r - 853 = -5*x, -r = 12*x - y*x - 677. Is 27 a factor of x?
False
Let y be (-135)/10*(0 + 2). Is y/(1*(-9)/30) a multiple of 10?
True
Suppose -5*k - 50 = 4*i - 13, -4*k - 32 = 4*i. Does 37 divide 2 + -4 - (-141 + i)?
False
Let d(t) = 2*t**3 - 4*t**2 - 2*t - 8. Let l be d(4). Let m be l/84 - (-260)/(-14). Let c = m - -25. Is c a multiple of 7?
True
Suppose -1 = -q - j + 2, -3*q = -j - 25. Does 3 divide q?
False
Suppose 0 = 31*h - 30*h - 12. Suppose -60 + h = -q. Is 16 a factor of q?
True
Suppose 13*m - 25213 = -6337. Does 22 divide m?
True
Suppose -45 = -2*a - 3*j, -a + 5*j - 10 = -0*a. Suppose i - 4*u - 20 = -2*u, 0 = -i + u + a. Is i a multiple of 10?
True
Let h(d) = 6*d**3 - 6*d**2 + 3. Is h(5) a multiple of 9?
True
Let x(y) = -y**2 - 14*y - 17. Let p be x(-11). Suppose 3*o - 7*o = -20. Let j = o + p. Does 13 divide j?
False
Let b = 20 + -28. Let n = -8 - b. Suppose d = -5*x + 76, 2*d + x - 4*x - 126 = n. Is 11 a factor of d?
True
Let j(n) be the second derivative of -n**4/12 - 19*n**3/6 - 2*n. Let x be 184/(-10) - (-2)/5. Is 9 a factor of j(x)?
True
Suppose -5*l - 3*c + 7 = -14, 0 = -2*l + 2*c + 2. Let q(g) = 0*g - 212*g**3 - g + 182*g**l. Does 11 divide q(-1)?
False
Is 40 a factor of (2397 + 3)*7/14?
True
Suppose -3*r + 13 = -2*r. Let d(p) = -2*p + 28. Let s be d(r). Does 14 divide s/13 - (-900)/65?
True
Let g be 2*(-7)/2*-1. Let f(c) = -c**3 + 10*c**2 + 11*c - 13. Is f(g) a multiple of 15?
False
Let n = 357 + -246. Let k = n - 72. Is k a multiple of 13?
True
Let f(m) = -m + 17. Let p be f(0). Suppose -l - 2 = b, -l - 2*b + 6*b - p = 0. Is 6 a factor of ((-6)/(-4))/(l/(-100))?
True
Suppose -w + 2*i + 8 = 0, 3*i + 12 = 4*w - 5. Suppose 4*s + 84 = w*s. Is 14 a factor of (-2 - 3/(-3))*s?
True
Let n = 485 - 415. Is n a multiple of 14?
True
Let g be 185/(-10) + 3/6. Is 17 a factor of (153/27)/(-2 + (-38)/g)?
True
Is (-4)/(-6) + (74368/24)/14 a multiple of 10?
False
Suppose 28 + 28 = s. Let d = -25 + s. Is d a multiple of 5?
False
Suppose -17*x - m = -19*x + 950, -1924 = -4*x - 4*m. Does 9 divide x?
True
Suppose -4*k - 3*r = -19, -3*r + 4*r = 2*k - 7. Suppose -10 = -5*a, -70 = -k*b + 4*a + a. Does 8 divide b?
False
Let l(o) = -2*o + 5 + 4 + 5*o**2 + 7*o - o**3 + 0*o**3. Let b be l(6). Suppose -b*g - h + 2*h = -16, 5*g = -5*h + 60. Does 4 divide g?
False
Let t be (-2 - 3) + 0 + 3. Does 2 divide (-1)/((-2)/(-20)*t)?
False
Suppose -4*q + n + 6913 = 0, 6914 = 50*q - 46*q - 2*n. Is 12 a factor of q?
True
Suppose -2*x = -t - 2*t - 10, 0 = -5*x + 2*t + 3. Is 3 a factor of x/(-3*(-2)/(-126))?
True
Let i(l) be the first derivative of l**3/3 - l**2 + 21*l + 29. Is i(-9) a multiple of 30?
True
Let v = 339 - -235. Is 10 a factor of v?
False
Let l(n) = -n**2 + n + 4. Let b be l(0). Suppose -2*y + h + 7 = 0, y = -3*h + 2 + 5. Suppose 0*a - b*a - 3*k = -52, -5*a - y*k = -64. Does 9 divide a?
False
Let s(w) = w**3 + 33*w**2 + 3*w + 2. Is s(-6) a multiple of 15?
False
Suppose -5*x - l = 2*l - 27, -2*l = -4*x + 4. Suppose -q + 5*i - x = -5, -3*i - 61 = 2*q. Let o = 32 + q. Does 4 divide o?
False
Suppose -d = -6 + 2. Suppose 3*j = -d*f + 37, 3*j + f = 11 + 14. Let z = j - -100. Does 22 divide z?
False
Is 3 a factor of 30/45*2/(4/174)?
False
Let f = -36 - -35. Is 3 + f/1 + (15 - -4) a multiple of 6?
False
Let a(x) = x**3 - 19*x**2 + 4*x + 7. Suppose -8*b + 28 = -124. Is a(b) a multiple of 8?
False
Let j be 4/24 + (-15)/(-18) + 2. Suppose -4*g + 3*d = 7*d - 296, -5*d - 238 = -j*g. Is 19 a factor of g?
True
Let s(w) be the first derivative of w**4/2 - 5*w**3/3 - 11*w**2/2 - 2*w - 7. Is 17 a factor of s(5)?
True
Let d(x) = -19*x**3 + 1. Let l be d(-1). Suppose 0*k + k = -2*r + 6, 3*r - 4*k = l. Suppose 4*o - 132 = r*p, 0*p = -3*o - p + 91. Is o a multiple of 11?
False
Suppose 320 = -5*a - 3*a. Does 20 divide a/((-48)/21 - -2)?
True
Suppose h + 3*h - 61 = 5*n, 0 = 2*h - 4*n - 38. Let l = h - 9. Suppose l = -3*g + 191 - 65. Is 9 a factor of g?
False
Suppose 0*j - j - 2*v = -16, -3*j + 8 = -4*v. Does 23 divide 2/j + 1038/8?
False
Let r = -204 - -840. Does 64 divide r?
False
Suppose -r + 5*r = 0. Does 11 divide (r - -1)/((-11)/(-429))?
False
Suppose -f = 0, 0 = -2*k + 2*f + 363 - 77. Is k a multiple of 11?
True
Let h be (-5 - -11)*2/(-6). Suppose -r = -2*f - 9, -r - f + 4 + 14 = 0. Let a = r + h. Does 13 divide a?
True
Let b = 3296 - 1396. Is b a multiple of 15?
False
Suppose -z = -2*u + 25, 4*z + 31 = -2*u - 19. Let v = z - -19. Suppose 3*y = q - 4*q + 240, -v*q + 316 = 2*y. Does 25 divide q?
False
Let z be (-2640)/78 + (-2)/13 + -2. Is 32 a factor of (z/(-6))/((-3)/(-64))?
True
Let u = 23 + -6. Let z = u + -23. Let a(o) = -o**2 - 7*o + 9. Is a(z) a multiple of 4?
False
Suppose -2*x = 39 - 327. Suppose -4*u + u + x = 0. Does 8 divide u?
True
Suppose 0 = -3*g + 2*k + 136, -3*k - 40 = -4*g + 142. Is g a multiple of 2?
True
Let f(q) = q**3 + 4*q**2 + q + 5. Let i be f(-4). Let h(s) = -s - 5. Let p be h(-4). Is (i - -19) + 3 + p a multiple of 5?
False
Let q = -14 + 11. Let c(g) = -g + 1. Let b be c(q). Let a = 11 + b. Is 15 a factor of a?
True
Suppose -3*z + 4089 + 1905 = 0. Is z a multiple of 13?
False
Let p(z) = 3*z + 2. Let o(c) = -10*c - 6. Let l(b) = -4*o(b) - 14*p(b). Is l(-9) a multiple of 7?
True
Let b = -22 - -40. Let j = 1504 - 1499. Suppose -103 = -j*p - b. Is 11 a factor of p?
False
Let n(w) = 3*w**2 + w - 1. Let x be n(1). Suppose 0 = -4*a - 2*o - x*o + 98, 0 = 5*a - 5*o - 145. Is 9 a factor of a?
True
Let b be 0 + 7/((-21)/(-12)). Suppose -3*n + 3*c - 33 = 0, -5*n + 3*n = b*c + 28. Let q = -4 - n. Is q a multiple of 5?
False
Let v be (-10)/(-50) + 1/(-5). Suppose 2*c + 4*a = 26, c - 2*a - 3*a - 41 = v. Is c a multiple of 4?
False
Suppose x - 55 - 60 = 0. Suppose x = -4*y + 643. Is 6 a factor of y?
True
Let k be ((-1)/(-2))/(-1 + (-275)/(-280)). Is (0 - (51/6 - 4))*k a multiple of 9?
True
Let v(l) = -l - 7. Let a be v(-11). Suppose -5*u = a*t - 196, 2*u - 4 = 4. Does 11 divide t?
True
Suppose -5*m + 29 = 5*h - 36, -5*h - 7 = -4*m. Suppose -160 = -m*c + 7*c. Does 20 divide c?
True
Suppose 10*m + 15340 = 30*m. Is m a multiple of 13?
True
Let r(k) = -18*k + 3. Does 24 divide r(-19)?
False
Suppose -2*s - 41 = c + 3*s, 0 = 2*c - 5*s + 112. Let x = 33 + c. Does 4 divide 2/(-4)*1*x?
False
Suppose 0*c + 12 = 4*c, -2902 = -4*y + 2*c. Is y a multiple of 43?
False
Does 3 divide (5/((-10)/(-4)) - 3)*-93?
True
Is 7 a factor of -8 + 14 - (3 - 137)?
True
Let a(j) = j**3 + 2*j**2 - 3*j - 5. Let z(p) = p - 4. Let s be z(8). Is 10 a factor of a(s)?
False
Suppose 0 = 4*p - 4*l + 4, 0 = -4*p - l + 35 - 14. Suppose h = 4*s - h - 102, 21 = s + p*h. Suppose s + 14 = n. Is n a multiple of 13?
True
Let v = 347 + 505. Is v a multiple of 12?
True
Let k(l) = 21*l**3 - l**2 + 1 - 20*l**3 - l - 4 - 3. Let a be k(0). Is 19 a factor of (-1)/a - (-1239)/18?
False
Suppose -5*h = 4*i, -4*h - 43 = -2*i - 17. Suppose p = i*l - 29 - 234, l - 40 = -4*p. Is l a multiple of 7?
False
Let i(q) = -7*q**3 - 7*q**2 - q - 64. Is 70 a factor of i(-8)?
True
Let o(v) = v**2 - 7*v - 12. Let j be o(9). Suppose 0 = j*a - 3*a. Suppose 7*i - 6*i - 44 = a. Does 11 divide i?
True
Suppose 3*c - 60 = -b, b + 66 = 3*c - 0*b. Suppose 3*r = 3*j + c, 3*r = -5*j + 59 + 2. Is 2 a factor of r?
True
Let n(p) = 510*p + 17. Is 18 a factor of n(2)?
False
Let w = 283 + -152. Is 4 a factor of w?
False
Let p = 6 - 13. Let j = 6 + -20. Is 21 a factor of (-310)/p + 4/j?
False
Suppose 5*f + 3*z - 60 = 0, 3*z + 17 = 3*f + z. Suppose 4*r - f*w - 976 = -4*w, w = 3*r - 732. Is 61 a factor of r?
True
Suppose -3*b - 5*a + 150 =